5?
False
Is 8585192 a multiple of 191?
False
Is 147 a factor of 16197478?
False
Is 184670724 a multiple of 5289?
True
Is 614502 a multiple of 18?
True
Is 37348362 a multiple of 282?
True
Does 32 divide 99821159?
False
Is 36240375 a multiple of 529?
False
Does 14 divide 10805212?
False
Is 345516027 a multiple of 362?
False
Does 14 divide 1877708140?
True
Is 4500214161 a multiple of 54?
False
Is 57 a factor of 358603101?
False
Is 808402946 a multiple of 11?
False
Does 57 divide 30536767?
False
Is 1246166790 a multiple of 33?
True
Is 1133292450 a multiple of 11661?
False
Is 2818 a factor of 22366466?
True
Is 392 a factor of 33022080?
True
Does 20 divide 6453973?
False
Does 763 divide 724263253?
True
Is 18 a factor of 378798966?
True
Is 117129193 a multiple of 50?
False
Is 1227373949 a multiple of 93?
False
Is 542241082 a multiple of 306?
False
Does 2 divide 45678372?
True
Does 12 divide 575523912?
True
Is 1403 a factor of 2020710034?
True
Is 99361793 a multiple of 3117?
False
Is 347 a factor of 115483452?
False
Is 2363066004 a multiple of 39?
True
Is 22040934 a multiple of 1693?
False
Is 125 a factor of 12431079?
False
Is 564851043 a multiple of 69?
True
Does 159 divide 5337959?
False
Is 44 a factor of 9538108?
False
Is 426149280 a multiple of 4191?
False
Does 2009 divide 8388021?
False
Does 162 divide 395697586?
False
Is 274969580 a multiple of 221?
False
Is 9 a factor of 19033083?
True
Is 225 a factor of 35666325?
True
Does 45 divide 106857484?
False
Is 336 a factor of 743192688?
True
Is 71 a factor of 444006422?
False
Is 39579264 a multiple of 32?
True
Is 5539047 a multiple of 26?
False
Is 25 a factor of 33244158?
False
Is 96 a factor of 130348132?
False
Is 2204 a factor of 1798219356?
True
Is 560 a factor of 167689760?
True
Is 63 a factor of 2565171?
True
Is 234291090 a multiple of 242?
True
Does 67 divide 333204735?
True
Is 269005838 a multiple of 779?
True
Is 20612748 a multiple of 39?
True
Is 374672452 a multiple of 119?
True
Is 8 a factor of 92351806?
False
Does 32 divide 34857536?
True
Is 823669236 a multiple of 102?
False
Does 3670 divide 80814291?
False
Does 52 divide 221046299?
False
Is 427120697 a multiple of 302?
False
Is 165 a factor of 46597092?
False
Is 172614789 a multiple of 17?
False
Is 1598 a factor of 44286972?
True
Is 69 a factor of 173302125?
True
Is 546515905 a multiple of 13?
True
Is 1411 a factor of 20583668?
True
Is 529965200 a multiple of 2224?
False
Is 3239581290 a multiple of 33?
True
Is 22 a factor of 15817566?
False
Does 668 divide 360641176?
True
Is 560079767 a multiple of 232?
False
Does 7 divide 6071908?
False
Does 15 divide 62386800?
True
Is 53408088 a multiple of 171?
True
Is 102 a factor of 21502212?
True
Does 10 divide 9363350?
True
Does 57 divide 6177414?
False
Is 1116438693 a multiple of 159?
True
Is 527 a factor of 248600129?
True
Does 141 divide 1422267?
True
Is 299532 a multiple of 12?
True
Is 69 a factor of 174070371?
True
Is 187 a factor of 30166742?
False
Is 52 a factor of 4352504?
True
Is 114872118 a multiple of 62?
False
Is 106 a factor of 3776010820?
False
Is 2138719675 a multiple of 5965?
False
Is 2864 a factor of 383923423?
False
Is 8402499 a multiple of 63?
True
Is 116 a factor of 340741632?
False
Is 97 a factor of 2641115?
False
Is 109585217 a multiple of 40?
False
Does 1777 divide 174170878?
True
Is 7870048 a multiple of 136?
True
Is 19 a factor of 2629028339?
False
Is 279405168 a multiple of 130?
False
Does 96 divide 312801855?
False
Is 43607760 a multiple of 303?
True
Is 13 a factor of 276596450?
True
Does 70 divide 427003199?
False
Is 38778276 a multiple of 69?
True
Does 21 divide 129492573?
True
Is 1037 a factor of 257851087?
True
Is 224 a factor of 2327792320?
True
Is 112728563 a multiple of 138?
False
Does 765 divide 71200571?
False
Is 10125076 a multiple of 43?
False
Is 2 a factor of 9716154?
True
Is 139165067 a multiple of 3?
False
Is 35 a factor of 353397101?
False
Does 21 divide 42457380?
True
Does 1345 divide 209554683?
False
Does 6 divide 119303894?
False
Is 24 a factor of 814672656?
True
Is 55497971 a multiple of 2377?
False
Is 117211072 a multiple of 352?
True
Does 166 divide 7460040?
True
Is 8850380 a multiple of 3324?
False
Is 218555114 a multiple of 2966?
False
Is 1211493008 a multiple of 35?
False
Does 28 divide 3959755?
False
Is 3053276 a multiple of 383?
True
Is 27287414 a multiple of 1666?
True
Is 1027892654 a multiple of 881?
True
Does 3 divide 23014390?
False
Does 178 divide 151681364?
False
Is 2923 a factor of 1867675961?
False
Is 11 a factor of 5737545?
True
Is 696 a factor of 87251232?
False
Is 617 a factor of 786957273?
False
Does 21 divide 251620320?
True
Is 99096210 a multiple of 1410?
True
Is 114 a factor of 366712471?
False
Is 29011340 a multiple of 69?
False
Is 40 a factor of 42640?
True
Does 349 divide 200945262?
False
Is 3747431424 a multiple of 2579?
True
Does 300 divide 162628138?
False
Is 28666995 a multiple of 205?
True
Does 16 divide 188915072?
True
Does 22 divide 4929747581?
False
Is 1253 a factor of 193991966?
True
Is 292218 even?
True
Does 3087 divide 1031120784?
False
Is 982995567 a multiple of 122?
False
Is 538 a factor of 373155186?
True
Is 350 a factor of 78758400?
True
Is 1646362406 a multiple of 89?
True
Does 1597 divide 1675781607?
True
Is 3891 a factor of 503273650?
False
Is 47 a factor of 20146550?
True
Is 543 a factor of 60096525?
True
Is 4 a factor of 965335?
False
Is 11 a factor of 47567860?
False
Is 2029 a factor of 44934234?
True
Is 3393240 a multiple of 368?
False
Is 14 a factor of 336050743?
False
Does 4 divide 164316780?
True
Does 20 divide 246066?
False
Is 165 a factor of 137278652?
False
Is 10 a factor of 10249633?
False
Is 201 a factor of 46506777?
True
Is 13 a factor of 1276045784?
True
Does 2015 divide 43237870?
True
Is 20190985 a multiple of 11?
False
Is 161 a factor of 13852440?
True
Does 334 divide 163166682?
True
Is 260 a factor of 563223180?
True
Is 3404611476 a multiple of 63?
True
Is 3733857 a multiple of 4?
False
Does 15 divide 104826372?
False
Does 5 divide 1350317986?
False
Does 195 divide 184444176?
False
Is 10250 a factor of 3188910677?
False
Does 9 divide 417543228?
True
Is 9403 a factor of 2675971561?
True
Is 40 a factor of 980520?
True
Is 3999723 a multiple of 343?
True
Is 11 a factor of 195736755?
False
Is 583157725 a multiple of 1328?
False
Is 11 a factor of 6643492?
False
Does 120 divide 150225240?
True
Does 17 divide 1526769171?
False
Is 19554885 a multiple of 189?
True
Does 380 divide 70264280?
True
Does 462 divide 908123370?
True
Does 167 divide 24406883?
True
Is 3044 a factor of 23688408?
True
Does 1252 divide 1270850112?
True
Is 2366373 a multiple of 187?
False
Does 491 divide 17969618?
True
Is 7 a factor of 23817759?
True
Is 39718176 a multiple of 41?
True
Does 171 divide 779700321?
True
Is 397159656 a multiple of 11?
False
Is 12805865 a multiple of 577?
False
Does 6 divide 160258596?
True
Does 11 divide 928105?
False
Is 14 a factor of 714980?
True
Is 127605702 a multiple of 294?
True
Does 6 divide 23889672?
True
Does 491 divide 11990220?
True
Is 267462442 a multiple of 52?
False
Does 3672 divide 362643048?
True
Does 504 divide 622246928?
False
Does 89 divide 2292373?
True
Is 1034 a factor of 1061880918?
False
Is 406 a factor of 33841807?
False
Is 40 a factor of 44510211?
False
Is 88 a factor of 631604732?
False
Is 26 a factor of 845958144?
False
Is 197 a factor of 46795577?
True
Does 14 divide 94405892?
True
Does 16 divide 11966072?
False
Is 25121845 a multiple of 1351?
True
Is 4 a factor of 461759984?
True
Is 1052559576 a multiple of 27?
True
Is 69966370 a multiple of 1395?
False
Is 1600266754 a multiple of 98?
False
Is 299 a factor of 125065122?
True
Does 851 divide 49111210?
True
Is 721 a factor of 1228932964?
True
Does 194 divide 124144277?
False
Is 17878010 a multiple of 31?
True
Does 5 divide 484525624?
False
Is 881499052 a multiple of 2807?
True
Is 332 a factor of 73451016?
True
Is 1642 a factor of 82088234?
False
Does 196 divide 38307416?
True
Is 1480422576 a multiple of 516?
True
Is 1287 a factor of 126663074?
False
Is 2780 a factor of 2379511053?
False
Does 1614 divide 332201318?
False
Is 47511800 a multiple of 100?
True
Does 1662 divide 5359122483?
False
Is 40238537 a multiple of 253?
Fal